{"id":8,"date":"2025-04-12T21:30:21","date_gmt":"2025-04-12T21:30:21","guid":{"rendered":"https:\/\/urumeaeventos.eus\/?page_id=8"},"modified":"2026-01-14T17:46:49","modified_gmt":"2026-01-14T16:46:49","slug":"quienes-somos","status":"publish","type":"page","link":"https:\/\/www.urumeaeventos.eus\/eus\/quienes-somos\/","title":{"rendered":"Nor gara"},"content":{"rendered":"<div data-elementor-type=\"wp-post\" data-elementor-id=\"8\" class=\"elementor elementor-8\" data-elementor-post-type=\"page\">\n\t\t\t\t<div class=\"elementor-element elementor-element-2e8f658 animated-slow e-flex e-con-boxed elementor-invisible e-con e-parent\" data-id=\"2e8f658\" data-element_type=\"container\" data-e-type=\"container\" data-settings=\"{&quot;background_background&quot;:&quot;classic&quot;,&quot;animation&quot;:&quot;fadeInDown&quot;,&quot;jet_parallax_layout_list&quot;:[]}\">\n\t\t\t\t\t<div class=\"e-con-inner\">\n\t\t<div class=\"elementor-element elementor-element-b7927a7 e-con-full e-flex e-con e-child\" data-id=\"b7927a7\" data-element_type=\"container\" data-e-type=\"container\" data-settings=\"{&quot;jet_parallax_layout_list&quot;:[]}\">\n\t\t\t\t<div class=\"elementor-element elementor-element-bbb3077 elementor-widget elementor-widget-heading\" data-id=\"bbb3077\" data-element_type=\"widget\" data-e-type=\"widget\" data-widget_type=\"heading.default\">\n\t\t\t\t<div class=\"elementor-widget-container\">\n\t\t\t\t\t<h1 class=\"elementor-heading-title elementor-size-default\">Medikuntzarekin konprometituta, gizartearen zerbitzura<\/h1>\t\t\t\t<\/div>\n\t\t\t\t<\/div>\n\t\t\t\t<div class=\"elementor-element elementor-element-9b85d10 elementor-widget elementor-widget-heading\" data-id=\"9b85d10\" data-element_type=\"widget\" data-e-type=\"widget\" data-widget_type=\"heading.default\">\n\t\t\t\t<div class=\"elementor-widget-container\">\n\t\t\t\t\t<h2 class=\"elementor-heading-title elementor-size-default\">Gipuzkoako Sendagileen Elkargoan mediku lanbideari laguntzeko, ordezkatzeko eta laguntzeko lan egiten dugu, praktika etiko, arduratsu eta pertsonen ongizatera bideratua sustatzen. Profesionalentzako elkargunea, defentsa eta garapena gara, eta erreferente instituzionala herritarren zerbitzura.<\/h2>\t\t\t\t<\/div>\n\t\t\t\t<\/div>\n\t\t\t\t<\/div>\n\t\t\t\t\t<\/div>\n\t\t\t\t<\/div>\n\t\t<div class=\"elementor-element elementor-element-2306449 e-con-full e-flex e-con e-parent\" data-id=\"2306449\" data-element_type=\"container\" data-e-type=\"container\" data-settings=\"{&quot;jet_parallax_layout_list&quot;:[]}\">\n\t\t\t\t<div class=\"elementor-element elementor-element-6ccd047 elementor-widget elementor-widget-heading\" data-id=\"6ccd047\" data-element_type=\"widget\" data-e-type=\"widget\" data-widget_type=\"heading.default\">\n\t\t\t\t<div class=\"elementor-widget-container\">\n\t\t\t\t\t<h2 class=\"elementor-heading-title elementor-size-default\">Gure zerbitzu bokazioa arlo medikotik haratago<\/h2>\t\t\t\t<\/div>\n\t\t\t\t<\/div>\n\t\t\t\t<\/div>\n\t\t<div class=\"elementor-element elementor-element-10be390 e-con-full e-flex e-con e-parent\" data-id=\"10be390\" data-element_type=\"container\" data-e-type=\"container\" data-settings=\"{&quot;jet_parallax_layout_list&quot;:[]}\">\n\t\t<div class=\"elementor-element elementor-element-bdc85a6 e-con-full e-flex e-con e-child\" data-id=\"bdc85a6\" data-element_type=\"container\" data-e-type=\"container\" data-settings=\"{&quot;jet_parallax_layout_list&quot;:[]}\">\n\t\t\t\t<div class=\"elementor-element elementor-element-92bda6e elementor-widget elementor-widget-image\" data-id=\"92bda6e\" data-element_type=\"widget\" data-e-type=\"widget\" data-widget_type=\"image.default\">\n\t\t\t\t<div class=\"elementor-widget-container\">\n\t\t\t\t\t\t\t\t\t\t\t\t\t\t\t<img fetchpriority=\"high\" decoding=\"async\" width=\"800\" height=\"521\" src=\"https:\/\/www.urumeaeventos.eus\/wp-content\/uploads\/2025\/04\/Colegio-Fuera-1-1024x667.avif\" class=\"attachment-large size-large wp-image-239\" alt=\"\" srcset=\"https:\/\/www.urumeaeventos.eus\/wp-content\/uploads\/2025\/04\/Colegio-Fuera-1-1024x667.avif 1024w, https:\/\/www.urumeaeventos.eus\/wp-content\/uploads\/2025\/04\/Colegio-Fuera-1-300x195.avif 300w, https:\/\/www.urumeaeventos.eus\/wp-content\/uploads\/2025\/04\/Colegio-Fuera-1-768x500.avif 768w, https:\/\/www.urumeaeventos.eus\/wp-content\/uploads\/2025\/04\/Colegio-Fuera-1-1536x1000.avif 1536w, https:\/\/www.urumeaeventos.eus\/wp-content\/uploads\/2025\/04\/Colegio-Fuera-1-2048x1334.avif 2048w, https:\/\/www.urumeaeventos.eus\/wp-content\/uploads\/2025\/04\/Colegio-Fuera-1-18x12.avif 18w, https:\/\/www.urumeaeventos.eus\/wp-content\/uploads\/2025\/04\/Colegio-Fuera-1-1320x860.avif 1320w, https:\/\/www.urumeaeventos.eus\/wp-content\/uploads\/2025\/04\/Colegio-Fuera-1-scaled-e1744634107976.avif 1920w\" sizes=\"(max-width: 800px) 100vw, 800px\" \/>\t\t\t\t\t\t\t\t\t\t\t\t\t\t\t<\/div>\n\t\t\t\t<\/div>\n\t\t\t\t<\/div>\n\t\t<div class=\"elementor-element elementor-element-30413ee e-con-full e-flex e-con e-child\" data-id=\"30413ee\" data-element_type=\"container\" data-e-type=\"container\" data-settings=\"{&quot;jet_parallax_layout_list&quot;:[]}\">\n\t\t<div class=\"elementor-element elementor-element-fac07d1 e-con-full e-flex e-con e-child\" data-id=\"fac07d1\" data-element_type=\"container\" data-e-type=\"container\" data-settings=\"{&quot;jet_parallax_layout_list&quot;:[]}\">\n\t\t<div class=\"elementor-element elementor-element-4f3287b e-con-full e-flex e-con e-child\" data-id=\"4f3287b\" data-element_type=\"container\" data-e-type=\"container\" data-settings=\"{&quot;jet_parallax_layout_list&quot;:[]}\">\n\t\t\t\t<div class=\"elementor-element elementor-element-a1a9f97 elementor-widget elementor-widget-text-editor\" data-id=\"a1a9f97\" data-element_type=\"widget\" data-e-type=\"widget\" data-widget_type=\"text-editor.default\">\n\t\t\t\t<div class=\"elementor-widget-container\">\n\t\t\t\t\t\t\t\t\t<p class=\"p1\">Gure eraikina ekintza medikoak ez ezik, era guztietako ekitaldi korporatiboak, prestakuntzakoak eta profesionalak ere hartzeko pentsatuta dago.<\/p><p>Alokairu zerbitzu honekin, gure ateak irekitzen dizkiegu ingurune abegitsua, funtzionala, ondo komunikatua eta adierazgarria bilatzen duten erakundeei.<\/p>\t\t\t\t\t\t\t\t<\/div>\n\t\t\t\t<\/div>\n\t\t\t\t<div class=\"elementor-element elementor-element-90eff09 elementor-widget-divider--view-line elementor-widget elementor-widget-divider\" data-id=\"90eff09\" data-element_type=\"widget\" data-e-type=\"widget\" data-widget_type=\"divider.default\">\n\t\t\t\t<div class=\"elementor-widget-container\">\n\t\t\t\t\t\t\t<div class=\"elementor-divider\">\n\t\t\t<span class=\"elementor-divider-separator\">\n\t\t\t\t\t\t<\/span>\n\t\t<\/div>\n\t\t\t\t\t\t<\/div>\n\t\t\t\t<\/div>\n\t\t\t\t<\/div>\n\t\t<div class=\"elementor-element elementor-element-2de6b50 e-con-full e-flex e-con e-child\" data-id=\"2de6b50\" data-element_type=\"container\" data-e-type=\"container\" data-settings=\"{&quot;jet_parallax_layout_list&quot;:[]}\">\n\t\t\t\t<div class=\"elementor-element elementor-element-51ae60e elementor-icon-list--layout-traditional elementor-list-item-link-full_width elementor-widget elementor-widget-icon-list\" data-id=\"51ae60e\" data-element_type=\"widget\" data-e-type=\"widget\" data-widget_type=\"icon-list.default\">\n\t\t\t\t<div class=\"elementor-widget-container\">\n\t\t\t\t\t\t\t<ul class=\"elementor-icon-list-items\">\n\t\t\t\t\t\t\t<li class=\"elementor-icon-list-item\">\n\t\t\t\t\t\t\t\t\t\t\t<span class=\"elementor-icon-list-icon\">\n\t\t\t\t\t\t\t<svg aria-hidden=\"true\" class=\"e-font-icon-svg e-fas-location-arrow\" viewbox=\"0 0 512 512\" xmlns=\"http:\/\/www.w3.org\/2000\/svg\"><path d=\"M444.52 3.52L28.74 195.42c-47.97 22.39-31.98 92.75 19.19 92.75h175.91v175.91c0 51.17 70.36 67.17 92.75 19.19l191.9-415.78c15.99-38.39-25.59-79.97-63.97-63.97z\"><\/path><\/svg>\t\t\t\t\t\t<\/span>\n\t\t\t\t\t\t\t\t\t\t<span class=\"elementor-icon-list-text\">Kokapen ezin hobea<\/span>\n\t\t\t\t\t\t\t\t\t<\/li>\n\t\t\t\t\t\t\t\t<li class=\"elementor-icon-list-item\">\n\t\t\t\t\t\t\t\t\t\t\t<span class=\"elementor-icon-list-icon\">\n\t\t\t\t\t\t\t<svg aria-hidden=\"true\" class=\"e-font-icon-svg e-fas-check\" viewbox=\"0 0 512 512\" xmlns=\"http:\/\/www.w3.org\/2000\/svg\"><path d=\"M173.898 439.404l-166.4-166.4c-9.997-9.997-9.997-26.206 0-36.204l36.203-36.204c9.997-9.998 26.207-9.998 36.204 0L192 312.69 432.095 72.596c9.997-9.997 26.207-9.997 36.204 0l36.203 36.204c9.997 9.997 9.997 26.206 0 36.204l-294.4 294.401c-9.998 9.997-26.207 9.997-36.204-.001z\"><\/path><\/svg>\t\t\t\t\t\t<\/span>\n\t\t\t\t\t\t\t\t\t\t<span class=\"elementor-icon-list-text\">Instalazio mantendu eta profesionalak<\/span>\n\t\t\t\t\t\t\t\t\t<\/li>\n\t\t\t\t\t\t\t\t<li class=\"elementor-icon-list-item\">\n\t\t\t\t\t\t\t\t\t\t\t<span class=\"elementor-icon-list-icon\">\n\t\t\t\t\t\t\t<svg aria-hidden=\"true\" class=\"e-font-icon-svg e-fas-people-arrows\" viewbox=\"0 0 576 512\" xmlns=\"http:\/\/www.w3.org\/2000\/svg\"><path d=\"M96,128A64,64,0,1,0,32,64,64,64,0,0,0,96,128Zm0,176.08a44.11,44.11,0,0,1,13.64-32L181.77,204c1.65-1.55,3.77-2.31,5.61-3.57A63.91,63.91,0,0,0,128,160H64A64,64,0,0,0,0,224v96a32,32,0,0,0,32,32V480a32,32,0,0,0,32,32h64a32,32,0,0,0,32-32V383.61l-50.36-47.53A44.08,44.08,0,0,1,96,304.08ZM480,128a64,64,0,1,0-64-64A64,64,0,0,0,480,128Zm32,32H448a63.91,63.91,0,0,0-59.38,40.42c1.84,1.27,4,2,5.62,3.59l72.12,68.06a44.37,44.37,0,0,1,0,64L416,383.62V480a32,32,0,0,0,32,32h64a32,32,0,0,0,32-32V352a32,32,0,0,0,32-32V224A64,64,0,0,0,512,160ZM444.4,295.34l-72.12-68.06A12,12,0,0,0,352,236v36H224V236a12,12,0,0,0-20.28-8.73L131.6,295.34a12.4,12.4,0,0,0,0,17.47l72.12,68.07A12,12,0,0,0,224,372.14V336H352v36.14a12,12,0,0,0,20.28,8.74l72.12-68.07A12.4,12.4,0,0,0,444.4,295.34Z\"><\/path><\/svg>\t\t\t\t\t\t<\/span>\n\t\t\t\t\t\t\t\t\t\t<span class=\"elementor-icon-list-text\">Laguntza teknikoa<\/span>\n\t\t\t\t\t\t\t\t\t<\/li>\n\t\t\t\t\t\t<\/ul>\n\t\t\t\t\t\t<\/div>\n\t\t\t\t<\/div>\n\t\t\t\t<\/div>\n\t\t<div class=\"elementor-element elementor-element-b5fbc59 e-con-full e-flex e-con e-child\" data-id=\"b5fbc59\" data-element_type=\"container\" data-e-type=\"container\" data-settings=\"{&quot;jet_parallax_layout_list&quot;:[]}\">\n\t\t\t\t<div class=\"elementor-element elementor-element-e0f9aff elementor-icon-list--layout-traditional elementor-list-item-link-full_width elementor-widget elementor-widget-icon-list\" data-id=\"e0f9aff\" data-element_type=\"widget\" data-e-type=\"widget\" data-widget_type=\"icon-list.default\">\n\t\t\t\t<div class=\"elementor-widget-container\">\n\t\t\t\t\t\t\t<ul class=\"elementor-icon-list-items\">\n\t\t\t\t\t\t\t<li class=\"elementor-icon-list-item\">\n\t\t\t\t\t\t\t\t\t\t\t<span class=\"elementor-icon-list-icon\">\n\t\t\t\t\t\t\t<svg aria-hidden=\"true\" class=\"e-font-icon-svg e-fas-wheelchair\" viewbox=\"0 0 512 512\" xmlns=\"http:\/\/www.w3.org\/2000\/svg\"><path d=\"M496.101 385.669l14.227 28.663c3.929 7.915.697 17.516-7.218 21.445l-65.465 32.886c-16.049 7.967-35.556 1.194-43.189-15.055L331.679 320H192c-15.925 0-29.426-11.71-31.679-27.475C126.433 55.308 128.38 70.044 128 64c0-36.358 30.318-65.635 67.052-63.929 33.271 1.545 60.048 28.905 60.925 62.201.868 32.933-23.152 60.423-54.608 65.039l4.67 32.69H336c8.837 0 16 7.163 16 16v32c0 8.837-7.163 16-16 16H215.182l4.572 32H352a32 32 0 0 1 28.962 18.392L438.477 396.8l36.178-18.349c7.915-3.929 17.517-.697 21.446 7.218zM311.358 352h-24.506c-7.788 54.204-54.528 96-110.852 96-61.757 0-112-50.243-112-112 0-41.505 22.694-77.809 56.324-97.156-3.712-25.965-6.844-47.86-9.488-66.333C45.956 198.464 0 261.963 0 336c0 97.047 78.953 176 176 176 71.87 0 133.806-43.308 161.11-105.192L311.358 352z\"><\/path><\/svg>\t\t\t\t\t\t<\/span>\n\t\t\t\t\t\t\t\t\t\t<span class=\"elementor-icon-list-text\">Erabilerraztasuna<\/span>\n\t\t\t\t\t\t\t\t\t<\/li>\n\t\t\t\t\t\t\t\t<li class=\"elementor-icon-list-item\">\n\t\t\t\t\t\t\t\t\t\t\t<span class=\"elementor-icon-list-icon\">\n\t\t\t\t\t\t\t<svg aria-hidden=\"true\" class=\"e-font-icon-svg e-fas-memory\" viewbox=\"0 0 640 512\" xmlns=\"http:\/\/www.w3.org\/2000\/svg\"><path d=\"M640 130.94V96c0-17.67-14.33-32-32-32H32C14.33 64 0 78.33 0 96v34.94c18.6 6.61 32 24.19 32 45.06s-13.4 38.45-32 45.06V320h640v-98.94c-18.6-6.61-32-24.19-32-45.06s13.4-38.45 32-45.06zM224 256h-64V128h64v128zm128 0h-64V128h64v128zm128 0h-64V128h64v128zM0 448h64v-26.67c0-8.84 7.16-16 16-16s16 7.16 16 16V448h128v-26.67c0-8.84 7.16-16 16-16s16 7.16 16 16V448h128v-26.67c0-8.84 7.16-16 16-16s16 7.16 16 16V448h128v-26.67c0-8.84 7.16-16 16-16s16 7.16 16 16V448h64v-96H0v96z\"><\/path><\/svg>\t\t\t\t\t\t<\/span>\n\t\t\t\t\t\t\t\t\t\t<span class=\"elementor-icon-list-text\">Formatuen malgutasuna<\/span>\n\t\t\t\t\t\t\t\t\t<\/li>\n\t\t\t\t\t\t\t\t<li class=\"elementor-icon-list-item\">\n\t\t\t\t\t\t\t\t\t\t\t<span class=\"elementor-icon-list-icon\">\n\t\t\t\t\t\t\t<svg aria-hidden=\"true\" class=\"e-font-icon-svg e-fas-heart\" viewbox=\"0 0 512 512\" xmlns=\"http:\/\/www.w3.org\/2000\/svg\"><path d=\"M462.3 62.6C407.5 15.9 326 24.3 275.7 76.2L256 96.5l-19.7-20.3C186.1 24.3 104.5 15.9 49.7 62.6c-62.8 53.6-66.1 149.8-9.9 207.9l193.5 199.8c12.5 12.9 32.8 12.9 45.3 0l193.5-199.8c56.3-58.1 53-154.3-9.8-207.9z\"><\/path><\/svg>\t\t\t\t\t\t<\/span>\n\t\t\t\t\t\t\t\t\t\t<span class=\"elementor-icon-list-text\">Segurtasuna<\/span>\n\t\t\t\t\t\t\t\t\t<\/li>\n\t\t\t\t\t\t<\/ul>\n\t\t\t\t\t\t<\/div>\n\t\t\t\t<\/div>\n\t\t\t\t<\/div>\n\t\t\t\t<\/div>\n\t\t\t\t<\/div>\n\t\t\t\t<\/div>\n\t\t<div class=\"elementor-element elementor-element-35b475c e-flex e-con-boxed e-con e-parent\" data-id=\"35b475c\" data-element_type=\"container\" data-e-type=\"container\" data-settings=\"{&quot;jet_parallax_layout_list&quot;:[]}\">\n\t\t\t\t\t<div class=\"e-con-inner\">\n\t\t\t\t<div class=\"elementor-element elementor-element-e3f107c elementor-widget elementor-widget-text-editor\" data-id=\"e3f107c\" data-element_type=\"widget\" data-e-type=\"widget\" data-widget_type=\"text-editor.default\">\n\t\t\t\t<div class=\"elementor-widget-container\">\n\t\t\t\t\t\t\t\t\t<p class=\"p1\"><b>Zuri laguntzeko gaude hemen. <\/b>Zure ekitaldiaren etapa bakoitzean laguntzeko prestatutako talde bat dugu.<i><\/i><\/p>\t\t\t\t\t\t\t\t<\/div>\n\t\t\t\t<\/div>\n\t\t\t\t\t<\/div>\n\t\t\t\t<\/div>\n\t\t<div class=\"elementor-element elementor-element-9813026 e-flex e-con-boxed e-con e-parent\" data-id=\"9813026\" data-element_type=\"container\" data-e-type=\"container\" data-settings=\"{&quot;jet_parallax_layout_list&quot;:[]}\">\n\t\t\t\t\t<div class=\"e-con-inner\">\n\t\t\t\t<div class=\"elementor-element elementor-element-f114eda elementor-align-right elementor-widget elementor-widget-button\" data-id=\"f114eda\" data-element_type=\"widget\" data-e-type=\"widget\" data-widget_type=\"button.default\">\n\t\t\t\t<div class=\"elementor-widget-container\">\n\t\t\t\t\t\t\t\t\t<div class=\"elementor-button-wrapper\">\n\t\t\t\t\t<a class=\"elementor-button elementor-button-link elementor-size-md\" href=\"https:\/\/www.urumeaeventos.eus\/eus\/#Salas\">\n\t\t\t\t\t\t<span class=\"elementor-button-content-wrapper\">\n\t\t\t\t\t\t\t\t\t<span class=\"elementor-button-text\">Ezagutu eskuragarri dauden espazioak<\/span>\n\t\t\t\t\t<\/span>\n\t\t\t\t\t<\/a>\n\t\t\t\t<\/div>\n\t\t\t\t\t\t\t\t<\/div>\n\t\t\t\t<\/div>\n\t\t\t\t\t<\/div>\n\t\t\t\t<\/div>\n\t\t<div class=\"elementor-element elementor-element-315acb9 e-con-full e-flex e-con e-parent\" data-id=\"315acb9\" data-element_type=\"container\" data-e-type=\"container\" data-settings=\"{&quot;jet_parallax_layout_list&quot;:[]}\">\n\t\t\t\t<div class=\"elementor-element elementor-element-26323ab elementor-widget elementor-widget-google_maps\" data-id=\"26323ab\" data-element_type=\"widget\" data-e-type=\"widget\" data-widget_type=\"google_maps.default\">\n\t\t\t\t<div class=\"elementor-widget-container\">\n\t\t\t\t\t\t\t<div class=\"elementor-custom-embed\">\n\t\t\t<iframe\n\t\t\t\t\tdata-src=\"https:\/\/maps.google.com\/maps?q=paseo%20de%20francia%2012%20san%20sebastian&#038;t=m&#038;z=15&#038;output=embed&#038;iwloc=near\"\n\t\t\t\t\ttitle=\"paseo de francia 12 san sebastian\"\n\t\t\t\t\taria-label=\"paseo de francia 12 san sebastian\"\n\t\t\t src=\"data:image\/svg+xml;base64,PHN2ZyB3aWR0aD0iMSIgaGVpZ2h0PSIxIiB4bWxucz0iaHR0cDovL3d3dy53My5vcmcvMjAwMC9zdmciPjwvc3ZnPg==\" class=\"lazyload\" data-load-mode=\"1\"><\/iframe>\n\t\t<\/div>\n\t\t\t\t\t\t<\/div>\n\t\t\t\t<\/div>\n\t\t\t\t<\/div>\n\t\t\t\t<\/div>","protected":false},"excerpt":{"rendered":"<p>Comprometidos con la medicina, al servicio de la sociedad En el Colegio de M\u00e9dicos de Gipuzkoa trabajamos para acompa\u00f1ar, representar y apoyar a la profesi\u00f3n m\u00e9dica, promoviendo una pr\u00e1ctica \u00e9tica, responsable y orientada al bienestar de las personas. Somos punto de encuentro, defensa y desarrollo para los y las profesionales, y un referente institucional al [&hellip;]<\/p>\n","protected":false},"author":1,"featured_media":0,"parent":0,"menu_order":0,"comment_status":"closed","ping_status":"closed","template":"","meta":{"_jet_sm_ready_style":"","_jet_sm_style":"","_jet_sm_controls_values":"","_jet_sm_fonts_collection":"","_jet_sm_fonts_links":"","footnotes":""},"class_list":["post-8","page","type-page","status-publish","hentry"],"yoast_head":"<!-- This site is optimized with the Yoast SEO plugin v27.4 - https:\/\/yoast.com\/product\/yoast-seo-wordpress\/ -->\n<title>Quienes somos - Urumea eventos<\/title>\n<meta name=\"robots\" content=\"index, follow, max-snippet:-1, max-image-preview:large, max-video-preview:-1\" \/>\n<link rel=\"canonical\" href=\"https:\/\/www.urumeaeventos.eus\/eus\/quienes-somos\/\" \/>\n<meta property=\"og:locale\" content=\"en_US\" \/>\n<meta property=\"og:type\" content=\"article\" \/>\n<meta property=\"og:title\" content=\"Quienes somos - Urumea eventos\" \/>\n<meta property=\"og:description\" content=\"Comprometidos con la medicina, al servicio de la sociedad En el Colegio de M\u00e9dicos de Gipuzkoa trabajamos para acompa\u00f1ar, representar y apoyar a la profesi\u00f3n m\u00e9dica, promoviendo una pr\u00e1ctica \u00e9tica, responsable y orientada al bienestar de las personas. Somos punto de encuentro, defensa y desarrollo para los y las profesionales, y un referente institucional al [&hellip;]\" \/>\n<meta property=\"og:url\" content=\"https:\/\/www.urumeaeventos.eus\/eus\/quienes-somos\/\" \/>\n<meta property=\"og:site_name\" content=\"Urumea eventos\" \/>\n<meta property=\"article:modified_time\" content=\"2026-01-14T16:46:49+00:00\" \/>\n<meta property=\"og:image\" content=\"https:\/\/www.urumeaeventos.eus\/wp-content\/uploads\/2025\/04\/Colegio-Fuera-1-scaled-e1744634107976.avif\" \/>\n\t<meta property=\"og:image:width\" content=\"1920\" \/>\n\t<meta property=\"og:image:height\" content=\"1250\" \/>\n\t<meta property=\"og:image:type\" content=\"image\/webp\" \/>\n<meta name=\"twitter:card\" content=\"summary_large_image\" \/>\n<meta name=\"twitter:label1\" content=\"Est. reading time\" \/>\n\t<meta name=\"twitter:data1\" content=\"1 minutua\" \/>\n<script type=\"application\/ld+json\" class=\"yoast-schema-graph\">{\"@context\":\"https:\\\/\\\/schema.org\",\"@graph\":[{\"@type\":\"WebPage\",\"@id\":\"https:\\\/\\\/www.urumeaeventos.eus\\\/quienes-somos\\\/\",\"url\":\"https:\\\/\\\/www.urumeaeventos.eus\\\/quienes-somos\\\/\",\"name\":\"Quienes somos - Urumea eventos\",\"isPartOf\":{\"@id\":\"https:\\\/\\\/www.urumeaeventos.eus\\\/#website\"},\"primaryImageOfPage\":{\"@id\":\"https:\\\/\\\/www.urumeaeventos.eus\\\/quienes-somos\\\/#primaryimage\"},\"image\":{\"@id\":\"https:\\\/\\\/www.urumeaeventos.eus\\\/quienes-somos\\\/#primaryimage\"},\"thumbnailUrl\":\"https:\\\/\\\/www.urumeaeventos.eus\\\/wp-content\\\/uploads\\\/2025\\\/04\\\/Colegio-Fuera-1-1024x667.avif\",\"datePublished\":\"2025-04-12T21:30:21+00:00\",\"dateModified\":\"2026-01-14T16:46:49+00:00\",\"breadcrumb\":{\"@id\":\"https:\\\/\\\/www.urumeaeventos.eus\\\/quienes-somos\\\/#breadcrumb\"},\"inLanguage\":\"eu\",\"potentialAction\":[{\"@type\":\"ReadAction\",\"target\":[\"https:\\\/\\\/www.urumeaeventos.eus\\\/quienes-somos\\\/\"]}]},{\"@type\":\"ImageObject\",\"inLanguage\":\"eu\",\"@id\":\"https:\\\/\\\/www.urumeaeventos.eus\\\/quienes-somos\\\/#primaryimage\",\"url\":\"https:\\\/\\\/www.urumeaeventos.eus\\\/wp-content\\\/uploads\\\/2025\\\/04\\\/Colegio-Fuera-1-1024x667.avif\",\"contentUrl\":\"https:\\\/\\\/www.urumeaeventos.eus\\\/wp-content\\\/uploads\\\/2025\\\/04\\\/Colegio-Fuera-1-1024x667.avif\"},{\"@type\":\"BreadcrumbList\",\"@id\":\"https:\\\/\\\/www.urumeaeventos.eus\\\/quienes-somos\\\/#breadcrumb\",\"itemListElement\":[{\"@type\":\"ListItem\",\"position\":1,\"name\":\"Portada\",\"item\":\"https:\\\/\\\/www.urumeaeventos.eus\\\/\"},{\"@type\":\"ListItem\",\"position\":2,\"name\":\"Quienes somos\"}]},{\"@type\":\"WebSite\",\"@id\":\"https:\\\/\\\/www.urumeaeventos.eus\\\/#website\",\"url\":\"https:\\\/\\\/www.urumeaeventos.eus\\\/\",\"name\":\"Urumea Eventos\",\"description\":\"Urumea eventos\",\"publisher\":{\"@id\":\"https:\\\/\\\/www.urumeaeventos.eus\\\/#organization\"},\"potentialAction\":[{\"@type\":\"SearchAction\",\"target\":{\"@type\":\"EntryPoint\",\"urlTemplate\":\"https:\\\/\\\/www.urumeaeventos.eus\\\/?s={search_term_string}\"},\"query-input\":{\"@type\":\"PropertyValueSpecification\",\"valueRequired\":true,\"valueName\":\"search_term_string\"}}],\"inLanguage\":\"eu\"},{\"@type\":\"Organization\",\"@id\":\"https:\\\/\\\/www.urumeaeventos.eus\\\/#organization\",\"name\":\"Urumea Eventos\",\"url\":\"https:\\\/\\\/www.urumeaeventos.eus\\\/\",\"logo\":{\"@type\":\"ImageObject\",\"inLanguage\":\"eu\",\"@id\":\"https:\\\/\\\/www.urumeaeventos.eus\\\/#\\\/schema\\\/logo\\\/image\\\/\",\"url\":\"https:\\\/\\\/www.urumeaeventos.eus\\\/wp-content\\\/uploads\\\/2025\\\/03\\\/urumea-5-1-scaled.avif\",\"contentUrl\":\"https:\\\/\\\/www.urumeaeventos.eus\\\/wp-content\\\/uploads\\\/2025\\\/03\\\/urumea-5-1-scaled.avif\",\"width\":2560,\"height\":1154,\"caption\":\"Urumea Eventos\"},\"image\":{\"@id\":\"https:\\\/\\\/www.urumeaeventos.eus\\\/#\\\/schema\\\/logo\\\/image\\\/\"},\"sameAs\":[\"https:\\\/\\\/www.instagram.com\\\/urumeaeventos\\\/\",\"https:\\\/\\\/es.linkedin.com\\\/company\\\/urumea-eventos\"]}]}<\/script>\n<!-- \/ Yoast SEO plugin. -->","yoast_head_json":{"title":"Quienes somos - Urumea eventos","robots":{"index":"index","follow":"follow","max-snippet":"max-snippet:-1","max-image-preview":"max-image-preview:large","max-video-preview":"max-video-preview:-1"},"canonical":"https:\/\/www.urumeaeventos.eus\/eus\/quienes-somos\/","og_locale":"en_US","og_type":"article","og_title":"Quienes somos - Urumea eventos","og_description":"Comprometidos con la medicina, al servicio de la sociedad En el Colegio de M\u00e9dicos de Gipuzkoa trabajamos para acompa\u00f1ar, representar y apoyar a la profesi\u00f3n m\u00e9dica, promoviendo una pr\u00e1ctica \u00e9tica, responsable y orientada al bienestar de las personas. Somos punto de encuentro, defensa y desarrollo para los y las profesionales, y un referente institucional al [&hellip;]","og_url":"https:\/\/www.urumeaeventos.eus\/eus\/quienes-somos\/","og_site_name":"Urumea eventos","article_modified_time":"2026-01-14T16:46:49+00:00","og_image":[{"width":1920,"height":1250,"url":"https:\/\/www.urumeaeventos.eus\/wp-content\/uploads\/2025\/04\/Colegio-Fuera-1-scaled-e1744634107976.avif","type":"image\/webp"}],"twitter_card":"summary_large_image","twitter_misc":{"Est. reading time":"1 minutua"},"schema":{"@context":"https:\/\/schema.org","@graph":[{"@type":"WebPage","@id":"https:\/\/www.urumeaeventos.eus\/quienes-somos\/","url":"https:\/\/www.urumeaeventos.eus\/quienes-somos\/","name":"Quienes somos - Urumea eventos","isPartOf":{"@id":"https:\/\/www.urumeaeventos.eus\/#website"},"primaryImageOfPage":{"@id":"https:\/\/www.urumeaeventos.eus\/quienes-somos\/#primaryimage"},"image":{"@id":"https:\/\/www.urumeaeventos.eus\/quienes-somos\/#primaryimage"},"thumbnailUrl":"https:\/\/www.urumeaeventos.eus\/wp-content\/uploads\/2025\/04\/Colegio-Fuera-1-1024x667.avif","datePublished":"2025-04-12T21:30:21+00:00","dateModified":"2026-01-14T16:46:49+00:00","breadcrumb":{"@id":"https:\/\/www.urumeaeventos.eus\/quienes-somos\/#breadcrumb"},"inLanguage":"eu","potentialAction":[{"@type":"ReadAction","target":["https:\/\/www.urumeaeventos.eus\/quienes-somos\/"]}]},{"@type":"ImageObject","inLanguage":"eu","@id":"https:\/\/www.urumeaeventos.eus\/quienes-somos\/#primaryimage","url":"https:\/\/www.urumeaeventos.eus\/wp-content\/uploads\/2025\/04\/Colegio-Fuera-1-1024x667.avif","contentUrl":"https:\/\/www.urumeaeventos.eus\/wp-content\/uploads\/2025\/04\/Colegio-Fuera-1-1024x667.avif"},{"@type":"BreadcrumbList","@id":"https:\/\/www.urumeaeventos.eus\/quienes-somos\/#breadcrumb","itemListElement":[{"@type":"ListItem","position":1,"name":"Portada","item":"https:\/\/www.urumeaeventos.eus\/"},{"@type":"ListItem","position":2,"name":"Quienes somos"}]},{"@type":"WebSite","@id":"https:\/\/www.urumeaeventos.eus\/#website","url":"https:\/\/www.urumeaeventos.eus\/","name":"Urumea Eventos","description":"Urumea eventos","publisher":{"@id":"https:\/\/www.urumeaeventos.eus\/#organization"},"potentialAction":[{"@type":"SearchAction","target":{"@type":"EntryPoint","urlTemplate":"https:\/\/www.urumeaeventos.eus\/?s={search_term_string}"},"query-input":{"@type":"PropertyValueSpecification","valueRequired":true,"valueName":"search_term_string"}}],"inLanguage":"eu"},{"@type":"Organization","@id":"https:\/\/www.urumeaeventos.eus\/#organization","name":"Urumea Eventos","url":"https:\/\/www.urumeaeventos.eus\/","logo":{"@type":"ImageObject","inLanguage":"eu","@id":"https:\/\/www.urumeaeventos.eus\/#\/schema\/logo\/image\/","url":"https:\/\/www.urumeaeventos.eus\/wp-content\/uploads\/2025\/03\/urumea-5-1-scaled.avif","contentUrl":"https:\/\/www.urumeaeventos.eus\/wp-content\/uploads\/2025\/03\/urumea-5-1-scaled.avif","width":2560,"height":1154,"caption":"Urumea Eventos"},"image":{"@id":"https:\/\/www.urumeaeventos.eus\/#\/schema\/logo\/image\/"},"sameAs":["https:\/\/www.instagram.com\/urumeaeventos\/","https:\/\/es.linkedin.com\/company\/urumea-eventos"]}]}},"_links":{"self":[{"href":"https:\/\/www.urumeaeventos.eus\/eus\/wp-json\/wp\/v2\/pages\/8","targetHints":{"allow":["GET"]}}],"collection":[{"href":"https:\/\/www.urumeaeventos.eus\/eus\/wp-json\/wp\/v2\/pages"}],"about":[{"href":"https:\/\/www.urumeaeventos.eus\/eus\/wp-json\/wp\/v2\/types\/page"}],"author":[{"embeddable":true,"href":"https:\/\/www.urumeaeventos.eus\/eus\/wp-json\/wp\/v2\/users\/1"}],"replies":[{"embeddable":true,"href":"https:\/\/www.urumeaeventos.eus\/eus\/wp-json\/wp\/v2\/comments?post=8"}],"version-history":[{"count":71,"href":"https:\/\/www.urumeaeventos.eus\/eus\/wp-json\/wp\/v2\/pages\/8\/revisions"}],"predecessor-version":[{"id":3073,"href":"https:\/\/www.urumeaeventos.eus\/eus\/wp-json\/wp\/v2\/pages\/8\/revisions\/3073"}],"wp:attachment":[{"href":"https:\/\/www.urumeaeventos.eus\/eus\/wp-json\/wp\/v2\/media?parent=8"}],"curies":[{"name":"wp","href":"https:\/\/api.w.org\/{rel}","templated":true}]}}